+ 23 = 5*c. Let v(z) = -3*z**3 - 2 + 2*z**3 + z + 0*z**3 + 0*z + 7*z**l. Calculate v(7).
5
Let u(s) = -2*s**2 - 3*s - 4. Suppose 0 = 20*l + 4 + 36. Determine u(l).
-6
Let x(g) be the third derivative of g**6/120 - g**5/30 - 5*g**4/24 + 2*g**3/3 - 101*g**2. Calculate x(3).
-2
Let c(x) = 6*x**2 - 191*x - 37. Let p be c(32). Let v(t) = -6*t + 3. What is v(p)?
33
Let u(i) be the second derivative of -i**5/60 - i**4/24 - 5*i**3/3 + 6*i**2 + 4*i. Let o(j) be the first derivative of u(j). Calculate o(0).
-10
Suppose -2*r - 5 = -3*r. Let x(q) = -q**2 + q + 3. Let l(f) = -2*f**2 + 3*f + 6. Let g(j) = 4*l(j) - 7*x(j). Calculate g(r).
3
Let x(z) = -6*z**2 + 1. Let l(c) = -c**3 + 16*c**2 + 3*c - 1. Let b(d) = l(d) + 2*x(d). What is b(-2)?
19
Let m = -368 + 375. Let l(r) = -r**2 + 6*r + 5. Determine l(m).
-2
Let m(u) = -4*u + 3. Let k(z) = -z - 1. Let g = -36 - -33. Let j be k(g). What is m(j)?
-5
Suppose 15*z + 10 = 16*z. Let w(b) = -2*b + b - z + 15. Give w(4).
1
Let q be ((-2)/9)/(480/(-36)). Let y(d) be the third derivative of -1/4*d**4 - 3*d**2 - 1/3*d**3 + 0*d + 0 - q*d**5. Determine y(-6).
-2
Let x(c) = c**2 + 2*c - 8. Let t(w) = 8*w - 5. Let q be t(0). Give x(q).
7
Let z(g) = -5*g + 1. Let x(w) = w + 1. Let i(a) = -4*x(a) + z(a). Let f(k) = -2*k + 3*k + 6 + 0*k. Let q be f(-8). Determine i(q).
15
Suppose 0 = -11*x + 24*x - 117. Let l(u) = -u + 9. What is l(x)?
0
Let n(c) = -c**3 - 7*c**2 + 9*c + 5. Suppose -568 = -5*l - 608. Give n(l).
-3
Let w(b) = b**2 - 7*b. Suppose -7 = -3*s + a - 21, 5*a + 38 = -3*s. Let t be (0/s)/(-7) - (-1 - 7). What is w(t)?
8
Let d(b) = -2*b**2 + 6*b. Suppose 19*t - 10*t = 36. What is d(t)?
-8
Let c(s) be the first derivative of 0*s**2 + 5 + 0*s - 1/60*s**5 - 4/3*s**3 - 1/24*s**4. Let y(n) be the third derivative of c(n). Calculate y(3).
-7
Let n(v) = -3*v + 1. Let i(o) = -o + 1. Suppose 7*s = 3*s - 4. Let g(w) = s*n(w) + 2*i(w). What is g(-1)?
0
Let h be (6 - (1 + -4)) + -5. Let q(f) be the third derivative of -1/120*f**6 - 1/8*f**h + 6*f**2 + 1/15*f**5 + 0*f + 0 + f**3. Determine q(4).
-6
Let t(k) = -3*k - 5. Let x be t(-4). Let g(j) = j - 10. Let d be g(x). Let l(v) = 6 + 743*v**3 - 3*v - 6*v**2 - 744*v**3 + v**2 - 3. What is l(d)?
-6
Let h(g) be the third derivative of -g**6/120 - g**5/5 - 5*g**4/8 - 7*g**3/3 - 306*g**2 + 2. Calculate h(-11).
30
Let o(h) = -h**3 - 3*h**2 - 4*h - 2. Let b be (-221)/39*(1 - 10). Let c = b - 36. Suppose -5*a = -10*a - c. Give o(a).
10
Let g(j) = 2*j + 135 - 271 + 133. Give g(5).
7
Let x(l) = -15 - 2 + 15 - 8*l. What is x(1)?
-10
Suppose -5*i = -5 - 5. Let a(g) = -35*g - 39*g + 116*g - 40*g + 2. Give a(i).
6
Suppose 2*b - 5*t = 0, -4*b - 2*t = -7*b + 11. Let z(h) = -82*h**2 - 2 - 6*h + 3*h - 5 + h**3 + 79*h**2. Determine z(b).
28
Let i(p) = -59*p**3 + 119*p**3 + 8 - 61*p**3 - 9*p + 7*p**2 + p. What is i(6)?
-4
Let o(r) = r**2 + 2*r - 2. Suppose -4*v + 5*h - 29 = -1, -4*h + 20 = -2*v. Determine o(v).
-2
Let h(k) be the third derivative of k**6/120 + k**5/6 + 3*k**4/8 + k**2 - 30. Let l be -11 + 2 + 0 - 0. Calculate h(l).
0
Let j(b) = 4 - 3*b - 9 + b**3 + 7*b**2 + 7*b + 4 + 4. Calculate j(-6).
15
Let f(q) = -4*q - 4. Suppose 2*j + 17 - 6 = -z, z + 7 = -j. Give f(j).
12
Let p(s) = s**3 - 9*s**2 + 5*s - 10. Let y = 326 + -318. Give p(y).
-34
Let k(q) = -q**2 - 7*q - 3. Suppose -2*l - h - 1 - 8 = 0, 3*l = 2*h - 17. Let a(j) = -j**2 + 20. Let r be a(l). Calculate k(r).
7
Let b(w) be the first derivative of -3*w**2/2 + 3*w - 134. Calculate b(8).
-21
Let n be (-6)/((-3)/1) + -2. Suppose n*q + 9 = 3*q. Let m(j) = j + j + 3 - 3*j + q*j. Determine m(-4).
-5
Let r(f) = f**2 + 6*f + 2. Suppose -z + 4*z - 57 = 0. Suppose -5*u - z = 6. Let x be r(u). Let b(w) = 2*w + 2. Determine b(x).
-4
Let r(k) be the third derivative of k**6/120 - 7*k**5/60 + k**4/24 - k**3/3 + 5*k**2. Suppose 0 = 2*f - 2 - 12. What is r(f)?
5
Let p(b) = b**3 + 15*b**2 - b - 15. Suppose -4*u - 14*k - 35 = -9*k, 0 = -3*u - 5*k - 20. What is p(u)?
0
Let z(k) = k**3 + 5*k**2 + 4*k + 6. Let o = -10 + 1. Let b = o - 0. Let p(x) = 2*x + 14. Let r be p(b). What is z(r)?
6
Let a be (-24)/60 - 73/5. Let d = a + 13. Let t(g) = 2*g + 3. Let u(m) = -3*m - 4. Let k(j) = -6*t(j) - 5*u(j). Give k(d).
-4
Suppose -3*g - 2*g - 2*s - 11 = 0, 2 = s. Let u(f) = -3*f**2 - 4*f - 2. What is u(g)?
-17
Let b(u) = -6*u**2 - 19*u + 7. Let q(v) = -2*v**2 - 6*v + 2. Let h(o) = 3*b(o) - 8*q(o). Give h(-5).
0
Let r(x) = -12*x + 1. Let m be (-2)/(-2) - 2 - -4. Let g = m - 3. Suppose -4*i = -g*i + 4. Determine r(i).
13
Let f(u) be the second derivative of 0 - 7/12*u**4 - 3*u**2 - 5*u + 5/3*u**3 + 1/20*u**5. What is f(6)?
18
Let w(c) be the third derivative of c**4/24 - 2*c**3/3 + 121*c**2. Determine w(8).
4
Let w(a) be the second derivative of a**4/3 - 5*a**3/3 + 3*a**2/2 - 9*a. Let s(t) = -3*t**2 + 9*t - 2. Let k(o) = 3*s(o) + 2*w(o). Determine k(5).
10
Suppose 12*o - 10*o - 10 = 0. Let n(d) = d**3 - 7*d**2 - d - 1. Let m(h) = -2*h**3 + 15*h**2 + 2*h + 1. Let z(x) = 2*m(x) + 5*n(x). Determine z(o).
-8
Let k(q) = -q**2 - 3*q + 4. Let b(l) = 7*l + 2*l**2 - 4*l**2 - l**2 + 4 + 4*l**2. Let c be b(-7). Suppose -d - 1 = 4*f + 16, -4*f = c*d + 20. What is k(f)?
0
Let o(r) = 22*r - 29. Let h(n) = -22*n + 23. Let p(l) = -5*h(l) - 4*o(l). Determine p(1).
23
Let w(h) = 5*h - 12. Let g be (-8 - -9)*(-2 + 7). Give w(g).
13
Let x = -22 + 24. Let s(g) = -6*g**x + 14*g - 2 - 7*g + 5*g**2. Give s(6).
4
Let m be 0 + (0 - (-4)/2). Suppose -7*i + m = -6*i. Let h(f) = 11*f + i - 3*f + f**2 - 5*f. Calculate h(-2).
0
Let j(n) = 157*n**3 + 8 - 5*n - 8*n**2 - 80*n**3 - 78*n**3. Determine j(-7).
-6
Let l(n) = 1715 - 1719 - 13*n - 4*n. What is l(3)?
-55
Let x(w) = 41*w - 5 - 12*w**2 + w**3 - 44*w + 23*w. Let z be x(10). Let o(v) = -v**2 - 5*v - 2. Give o(z).
-2
Let l(n) = n**2 - 5*n. Let s(c) = -c**2 - 6*c + 19. Let x be s(-8). What is l(x)?
-6
Let a(c) = -c**3 - 3*c**2 + 3*c - 4. Let q(n) = 2*n**2 - 3*n + 4. Let v(g) = 3*g**2 - 5*g + 8. Let x(t) = 5*q(t) - 3*v(t). Let r be x(0). Determine a(r).
0
Let l(o) = 2*o**2 + 2*o + 3. Suppose g - 3*t = 21, 2*g - 3*g = -5*t - 19. Suppose 7*c + g = 10. Give l(c).
7
Let q(i) be the first derivative of -i**2/2 + 3*i + 22. Calculate q(10).
-7
Let l(h) be the third derivative of 0 - 1/360*h**6 - 5*h**2 + 5/24*h**4 + 0*h**3 + 1/30*h**5 + 0*h. Let a(t) be the second derivative of l(t). Determine a(3).
-2
Let f(k) = 5*k + 12. Suppose 5*l - 35 = -5*g, 3*g - 2*l - 35 = 11. Let c(u) = g + 6*u + 7*u + 8*u - 17*u. Let y(h) = 4*c(h) - 3*f(h). Determine y(-5).
7
Let s(k) = -k + 10*k**3 + 1 - 5*k**2 + 2*k + 13*k**3 - 22*k**3 + 6. Give s(5).
12
Let i(r) = r - 4. Let f be i(2). Suppose -2 - 1 = -3*w. Let v be -2*(2 - w/f). Let k(m) = m**2 + 4*m. What is k(v)?
5
Let t(z) = z - 7. Let r be t(9). Suppose l = r + 1. Suppose -l*f - 7 = 11. Let i(c) = c**3 + 6*c**2 - c - 4. Give i(f).
2
Let u = 603 + -603. Let k(d) be the second derivative of d**2 + u*d**3 + 0 - 2*d + 1/12*d**4 - 1/20*d**5. What is k(3)?
-16
Let k(d) = -99*d**3 - 5*d**2 - 39*d - 33. Let g(v) = 35*v**3 + 2*v**2 + 13*v + 11. Let f(r) = 17*g(r) + 6*k(r). Determine f(-6).
-5
Let t(n) be the first derivative of n**4/4 + 2*n**3 + n**2/2 - 5*n + 1. Suppose -4*g = g - 4*i + 33, 3*g + 11 = -2*i. Determine t(g).
15
Let n(x) = -x**2 + 5*x. Let t(w) = w**3 - 9*w**2 + 5*w + 8. Let i be -4*(0 + 2)*-1. Let b be t(i). Let v be 10/15 + b/(-3). Give n(v).
-6
Let c(z) = z**3 + 9*z**2 - z + 23. Let o(y) = -3*y**3 - 25*y**2 + 3*y - 68. Let w(h) = 11*c(h) + 4*o(h). What is w(0)?
-19
Suppose 8 + 2 = 5*n. Let i be (4 - n) + -3 + 3. Let q(c) be the second derivative of c**4/12 - c**3/3 - c**2/2 - 15*c. Give q(i).
-1
Let c(z) be the first derivative of -z**3/3 + 5*z**2/2 + 6*z - 341. Give c(-3).
-18
Let h(o) = -5*o + 3. Let t(a) = a**2 + 4*a - 3. Let d(i) be the second derivative of i**3/3 - 13*i**2/2 - 13*i. Let c be d(4). Let j be t(c). What is h(j)?
-7
Let x(t) = 0*t + 3248 - 2*t - 3252. Give x(-3).
2
Let l(m) be the first derivative of 3*m**2 + 2*m + 2. Let z = -395 + 393. What is l(z)?
-10
Let g(k) = 4*k**3 - 8*k**2 + 15*k - 9. Let r(z) = z**3 - z**2 + z - 1. Let s(i) = g(i) - 5*r(i). What is s(-5)?
-4
Let a = -32 + 56. Suppose 0*d - a = -3*d - 2*y, 0 = d + 3*y - 1. Let w(k) = -k**3 + 11*k**2 - 11*k + 15. Determine w(d).
5
